undreds digit of 3381352?
3
What is the units digit of 68980?
0
What is the ten thousands digit of 186503?
8
What is the hundreds digit of 8457708?
7
What is the hundred thousands digit of 19324406?
3
What is the thousands digit of 253077?
3
What is the tens digit of 25781320?
2
What is the tens digit of 2013233?
3
What is the ten thousands digit of 600015?
0
What is the ten thousands digit of 4155481?
5
What is the millions digit of 1880496?
1
What is the hundreds digit of 271168?
1
What is the units digit of 6952894?
4
What is the thousands digit of 48468?
8
What is the hundreds digit of 16694428?
4
What is the thousands digit of 2552820?
2
What is the thousands digit of 506264?
6
What is the hundred thousands digit of 209371?
2
What is the hundred thousands digit of 2321054?
3
What is the thousands digit of 319156?
9
What is the thousands digit of 2803749?
3
What is the hundreds digit of 290923?
9
What is the ten thousands digit of 2376492?
7
What is the thousands digit of 7106483?
6
What is the ten thousands digit of 607019?
0
What is the tens digit of 3307753?
5
What is the hundred thousands digit of 281301?
2
What is the units digit of 11917785?
5
What is the tens digit of 193217?
1
What is the ten thousands digit of 7280807?
8
What is the units digit of 685802?
2
What is the thousands digit of 213787?
3
What is the tens digit of 324493?
9
What is the units digit of 1050177?
7
What is the hundreds digit of 328271?
2
What is the tens digit of 462438?
3
What is the ten thousands digit of 717400?
1
What is the tens digit of 524279?
7
What is the ten thousands digit of 286571?
8
What is the units digit of 248656?
6
What is the hundred thousands digit of 201753?
2
What is the tens digit of 1975824?
2
What is the units digit of 8490?
0
What is the millions digit of 1180482?
1
What is the ten thousands digit of 134681?
3
What is the hundred thousands digit of 33765197?
7
What is the tens digit of 3475733?
3
What is the units digit of 15755746?
6
What is the units digit of 825224?
4
What is the hundred thousands digit of 813516?
8
What is the thousands digit of 1548585?
8
What is the tens digit of 4196?
9
What is the hundreds digit of 29646605?
6
What is the ten thousands digit of 209607?
0
What is the thousands digit of 1892862?
2
What is the ten millions digit of 16774683?
1
What is the ten thousands digit of 34823091?
2
What is the thousands digit of 149008?
9
What is the ten millions digit of 17966259?
1
What is the units digit of 686633?
3
What is the tens digit of 4485059?
5
What is the thousands digit of 7341229?
1
What is the thousands digit of 76035?
6
What is the thousands digit of 870187?
0
What is the thousands digit of 1169232?
9
What is the hundred thousands digit of 1535400?
5
What is the ten millions digit of 28700949?
2
What is the ten thousands digit of 615856?
1
What is the ten thousands digit of 302962?
0
What is the tens digit of 2462681?
8
What is the hundreds digit of 252960?
9
What is the units digit of 67446?
6
What is the ten thousands digit of 120636?
2
What is the hundreds digit of 7592736?
7
What is the hundreds digit of 2319824?
8
What is the units digit of 386129?
9
What is the tens digit of 129609?
0
What is the millions digit of 18553425?
8
What is the ten thousands digit of 306473?
0
What is the hundred thousands digit of 417789?
4
What is the hundred thousands digit of 121354?
1
What is the thousands digit of 647650?
7
What is the hundred thousands digit of 5886169?
8
What is the tens digit of 565486?
8
What is the tens digit of 1063979?
7
What is the ten thousands digit of 386985?
8
What is the hundred thousands digit of 280050?
2
What is the thousands digit of 484208?
4
What is the units digit of 231199?
9
What is the units digit of 1219108?
8
What is the hundred thousands digit of 4872062?
8
What is the tens digit of 2976?
7
What is the thousands digit of 416855?
6
What is the hundreds digit of 12805150?
1
What is the thousands digit of 951792?
1
What is the ten thousands digit of 537686?
3
What is the thousands digit of 28017481?
7
What is the hundreds digit of 771292?
2
What is the tens digit of 504060?
6
What is the tens digit of 20287098?
9
What is the hundreds digit of 6414823?
8
What is the tens digit of 27679087?
8
What is the hundred thousands digit of 264365?
2
What is the units digit of 34344230?
0
What is the units digit of 198211?
1
What is the hundred thousands digit of 19592545?
5
What is the hundreds digit of 8597516?
5
What is the thousands digit of 21548787?
8
What is the millions digit of 35051904?
5
What is the ten thousands digit of 369168?
6
What is the millions digit of 3257735?
3
What is the thousands digit of 386916?
6
What is the hundred thousands digit of 1324159?
3
What is the hundred thousands digit of 208155?
2
What is the hundred thousands digit of 4025113?
0
What is the thousands digit of 5234087?
4
What is the hundred thousands digit of 20587516?
5
What is the tens digit of 6587818?
1
What is the thousands digit of 686643?
6
What is the millions digit of 1193808?
1
What is the millions digit of 3662880?
3
What is the hundred thousands digit of 1429463?
4
What is the millions digit of 6883146?
6
What is the hundred thousands digit of 2101521?
1
What is the thousands digit of 1426190?
6
What is the hundreds digit of 2895426?
4
What is the millions digit of 15872770?
5
What is the thousands digit of 3020152?
0
What is the ten thousands digit of 1282247?
8
What is the hundreds digit of 19278073?
0
What is the units digit of 3536077?
7
What is the tens digit of 312892?
9
What is the hundreds digit of 34331186?
1
What is the hundred thousands digit of 1697322?
6
What is the ten thousands digit of 3131628?
3
What is the ten thousands digit of 2408397?
0
What is the hundred thousands digit of 464282?
4
What is the tens digit of 7813195?
9
What is the units digit of 3541?
1
What is the hundreds digit of 2373813?
8
What is the ten thousands digit of 737726?
3
What is the tens digit of 162727?
2
What is the tens digit of 1628223?
2
What is the hundreds digit of 156884?
8
What is the units digit of 82110?
0
What is the hundreds digit of 64652?
6
What is the ten thousands digit of 272146?
7
What is the ten thousands digit of 120308?
2
What is the hundreds digit of 497527?
5
What is the ten thousands digit of 1475839?
7
What is the tens digit of 16272815?
1
What is the thousands digit of 522200?
2
What is the hundred thousands digit of 1449216?
4
What is the tens digit of 1453562?
6
What is the hundreds digit of 13568?
5
What is the units digit of 491578?
8
What is the thousands digit of 8620225?
0
What is the ten thousands digit of 827282?
2
What is the tens digit of 332113?
1
What is the ten thousands digit of 6198221?
9
What is the thousands digit of 129945?
9
What is the units digit of 16671000?
0
What is the ten thousands digit of 4195471?
9
What is the thousands digit of 2345867?
5
What is the ten thousands digit of 280963?
8
What is the hundred thousands digit of 20534030?
5
What is the hundred thousands digit of 249131?
2
What is the hundred thousands digit of 9468402?
4
What is the tens digit of 150431?
3
What is the ten thousands digit of 3127407?
2
What is the thousands digit of 471296?
1
What is the ten thousands digit of 731123?
3
What is the tens digit of 46896?
9
What is the tens digit of 174816?
1
What is the ten thousands digit of 5267857?
6
What is the tens digit of 136230?
3
What is the tens digit of 4316395?
9
What is the tens digit of 32828?
2
What is the tens digit of 90190?
9
What is the tens digit of 1323646?
4
What is the millions digit of 7507437?
7
What is the hundreds digit of 475093?
0
What is the thousands digit of 699768?
9
What is the hundreds digit of 220734?
7
What is the units digit of 214381?
1
What is the units digit of 234542?
2
What is the ten thousands digit of 12509?
1
What is the ten thousands digit of 121050?
2
What is the hundreds digit of 2902753?
7
What is the tens digit of 3037965?
6
What is the thousands digit of 105300?
5
What is the ten millions digit of 20197566?
2
What is the tens digit of 248177?
7
What is the hundreds digit of 207178?
1
What is the ten thousands digit of 869596?
6
What is the tens digit of 1735303?
0
What is the ten